5*q = -4 - 11. Suppose z = -q + 14. Calculate the remainder when z is divided by 4.
3
Suppose 0 = -7*g + 5*g + 4. What is the remainder when 2 is divided by g?
0
Let l(g) = g**3 + 2*g**2 + g. Calculate the remainder when l(2) is divided by ((-2)/(-2))/(1/5).
3
Let r be (1 - (-9)/(-15))*-20. Let q = 5 + r. What is the remainder when 2 + 0/q + 24 is divided by 9?
8
Let c be ((-4)/(-5))/((-3)/(-15)). Suppose -2*j + c = -0. Suppose 4*n - j*d - 80 = 0, 4*n - 4*d + d = 76. Calculate the remainder when n is divided by 8.
6
Let a = -10 - -67. What is the remainder when 29 is divided by 1/2 + a/6?
9
Suppose 2*d = -2*d - 4*p - 20, -1 = -d + 2*p. What is the remainder when (d - -7)/(2/4) is divided by 3?
2
Suppose 0*x - 12 = 3*x. Let d be x/(-2)*(-2 - -4). Let g = d - 2. Calculate the remainder when 2 is divided by g.
0
Calculate the remainder when 117 is divided by 268/9 + 42/189.
27
Let k(w) = w**3 - 2*w**2 - 3*w + 4. Let v be k(3). Suppose v*x - 46 = 54. Let s = 41 - 28. Calculate the remainder when x is divided by s.
12
Let b = 10 + -9. Let m(r) = 5*r + 1. Calculate the remainder when m(b) is divided by 3.
0
Suppose 0 = 6*k - 2*k + 5*l - 67, k = 3*l + 21. Let h = k - 9. What is the remainder when (9/6)/((-3)/(-52)) is divided by h?
8
Suppose m + 5 = 18. Let u be (2 - 0)/1 - 4. Calculate the remainder when m is divided by (-231)/(-49) - u/7.
3
Let o = 20 - 14. Calculate the remainder when 15 is divided by o.
3
Let n(k) = -k**3 + 9*k**2 - 3*k - 5. Suppose -57 = 2*v - 5*v - 4*i, v + 5*i = 19. What is the remainder when n(8) is divided by v?
16
Suppose -5*o + 2*o + 3*f - 9 = 0, 3*o = -f + 3. Calculate the remainder when 7 - (o/4)/(-2) is divided by 5.
2
Let q = 35 + -19. Calculate the remainder when 31 is divided by q.
15
Let i be (-4)/18 + (-2)/(-9). Suppose i = -0*h + h. Suppose h = 2*q + 3*k - 37, 15 = 2*q - k - 26. What is the remainder when q is divided by 7?
6
Suppose 11*d - 18*d + 567 = 0. What is the remainder when d is divided by 43?
38
Let a(n) = 6*n + 3. Let u be a(3). Let m = 23 + u. Calculate the remainder when m is divided by 15.
14
Let b(l) be the second derivative of -25*l**3/6 + l. Let g(h) = -34*h - 231. What is the remainder when b(-1) is divided by g(-7)?
4
Let u(w) = w**2 - 3*w + 16. Calculate the remainder when u(-6) is divided by 15.
10
Suppose -2*a + 6*a - 172 = 0. Suppose -90 = -5*w + 3*f, -2*w + 17*f = 16*f - 35. What is the remainder when a is divided by w?
13
Suppose 2*y - 55 = -3*y. Suppose -3*f + 6*f = -9. Let r = 6 + f. What is the remainder when y is divided by r?
2
Suppose -4*n - 28 = -2*n - 2*t, 2*n + 3*t = -33. Let x = -6 - n. Calculate the remainder when x is divided by 4.
1
Suppose 0 = -0*i - 2*i - h + 3, 0 = -h + 3. Suppose i = -y - 0*y + 5. What is the remainder when 19 is divided by y?
4
Let u(c) = c - 5. Let v be u(4). What is the remainder when 19 + (-8)/(-4) + v is divided by 11?
9
Let t = -33 + 64. Calculate the remainder when 122 is divided by t.
29
Suppose s - 2*n - 11 = -5, -2*n = -6. Calculate the remainder when 19 is divided by s.
7
Let s(b) = 24*b - 1. Let m be s(-2). Let p be (70/(-6))/((-1)/(-6)). Let i = m - p. What is the remainder when i is divided by 11?
10
Let k(t) = -1. Let n(c) = -c + 14. Let w(j) = -5*k(j) - n(j). Let p be w(9). Let z = 9 - p. What is the remainder when 17 is divided by z?
8
Suppose -38 = 2*j + 2*o + 62, 4*o = 3*j + 136. Calculate the remainder when 31 is divided by (j/(-15))/(1/5).
15
Suppose -5*p = o - 35, 2*p + p - 39 = -o. Suppose 4*n = 7*n - o. What is the remainder when n is divided by 6?
3
Suppose 3*m - 43 = -f - f, 4*m + 4*f - 56 = 0. Let p(v) = 2*v + 3. Let h be p(-3). What is the remainder when 8/h*m/(-2) is divided by 11?
9
Let k(i) = i**2 + 12*i + 45. Calculate the remainder when 177 is divided by k(-9).
15
Let t = -992 + 1418. Let y be t/21 - 4/14. Suppose -4*z = -3*z - y. What is the remainder when z is divided by 7?
6
Suppose 0*m = 3*m + 27. Let s(u) = u**2 + 6*u - 13. Let a = 59 - 33. Calculate the remainder when a is divided by s(m).
12
Let s = -7 - -24. What is the remainder when s is divided by 9?
8
Let x(v) = 5*v - 2. Suppose 0 = -3*y + 33 + 39. What is the remainder when y is divided by x(3)?
11
Suppose 3 + 6 = -w. Let i = 13 + -3. What is the remainder when (-116)/(-3) - (-6)/w is divided by i?
8
Let n(c) = c + 3. Let x(z) = -z**2 + z - 6. Let s be x(0). Let i be n(s). Calculate the remainder when 2 is divided by 1 + (-3)/9*i.
0
Suppose -3*f + 15 = 0, -5*t + 2*f - 55 = -f. What is the remainder when 0 - t*13/2 is divided by 0 - 0 - -1*18?
16
Let x = -15 + 63. What is the remainder when x is divided by 10?
8
Suppose 2*q = 3*u - 59, -2*q + 77 = 5*u - 0*q. Calculate the remainder when 64 is divided by u.
13
Let p = 3 + -9. Calculate the remainder when (44/p)/(12/(-36)) is divided by 12.
10
Let k(c) = c. Let s = 3 + 2. Suppose 0 = s*p - 16 - 14. What is the remainder when p is divided by k(4)?
2
Let n(k) = -k**3 - 5*k**2 + k + 24. Let d(s) = -s + 3. Suppose -4*a - 13 + 1 = 0. What is the remainder when d(a) is divided by n(-4)?
2
Let n(i) = i**2 - 4*i + 2. Let y be ((-6)/(-3))/(2 + 0). What is the remainder when n(4) is divided by y*-1 - 10/(-5)?
0
Let z(q) = -2*q. Let b be z(-1). Suppose 12 = 2*r - 2*o, 2*r - 3*r - b = o. Let g = r + 2. What is the remainder when 9 is divided by g?
1
What is the remainder when 27 is divided by 2/4 - (-22)/4?
3
Suppose -3*k + 35 = -2*k - 4*b, -3*k = 5*b - 105. Suppose -4*q = -56 - 16. Calculate the remainder when k is divided by q.
17
Let p = 35 - 18. What is the remainder when p is divided by 12/(-9)*(3/(-6) - 4)?
5
Let f = 30 - 21. Let a = f + 5. What is the remainder when 40 is divided by a?
12
Let q = 22 + 3. Let a = -1 + 6. Suppose 0 = -2*f - 3*f + a*p + 45, -36 = -4*f + 5*p. Calculate the remainder when q is divided by f.
7
Let y = 21 - -6. Let g = y + -6. Suppose 44 = -2*r + 6*r. Calculate the remainder when g is divided by r.
10
Let b = 10 + -9. Let q be (0/b)/(3 + -1). Suppose -5*l + l + 12 = q. Calculate the remainder when 4 is divided by l.
1
Let f(m) = 2*m**3 + 2*m**2 + 3*m + 3. Let v be f(-2). Let b = v - -15. Suppose i = -b*i - 15, i + 5 = y. Calculate the remainder when y is divided by 1.
0
Suppose 0 = -2*z + 1 - 5. Calculate the remainder when z/4*8 - -39 is divided by 12.
11
Let z = 3 - -1. Suppose -z - 4 = -2*t. What is the remainder when (-10)/(-30) - (-44)/3 is divided by t?
3
Let c = -9 - -4. Let u(p) = 3*p + 10. Let g(v) = -v - 5. Let a(k) = -5*g(k) - 2*u(k). Calculate the remainder when 19 is divided by a(c).
9
Suppose 2*u = u + 3. Suppose 4*q + f = -f + 8, -5*f = -2*q + 16. What is the remainder when 14/21*2*q is divided by u?
1
Suppose -w + 18 = -9*r + 4*r, -3*r = -6. Let k = 20 + -3. Suppose -k = -5*p + 33. What is the remainder when w is divided by p?
8
Suppose 2*a - 81 = -3*p - 2*p, 5*a + 15 = 2*p. Let q = p + -27. Let y = q + 21. What is the remainder when 16 is divided by y?
7
Suppose 4*r - r - 18 = 0. What is the remainder when r is divided by (-48)/(-10) + 2/10?
1
Let m(p) = 3*p - 40. Calculate the remainder when 65 is divided by m(22).
13
Let r be (4/(-14))/((-14)/98). Let u(d) = 2*d + 1 + 4*d + 1. What is the remainder when u(r) is divided by 4?
2
What is the remainder when 167 is divided by (-2790)/(-117) + 4/26?
23
Let a(r) = 3*r + 1. Let m be a(-4). Let s be 2/m - 4/(-22). Suppose 3*y - 16 = -4*b, s = b + b - 4*y - 30. Calculate the remainder when b is divided by 3.
1
Let a(n) = -8*n - 9. What is the remainder when a(-4) is divided by 12?
11
Let y = -22 - -40. Suppose -l + 3*l + 18 = 0. Let h = 43 + l. What is the remainder when h is divided by y?
16
Suppose -4 = 3*o + 8, 20 = 2*y - 2*o. Let h = -10 - -28. Calculate the remainder when (h - 1) + -2 + 1 is divided by y.
4
Let p be 0 - 3/(6/16). Let z(t) = t + 11. Suppose -7 = -2*f + 7. What is the remainder when f is divided by z(p)?
1
Let k be (4 - 2) + -3 - 3. Let f = 19 + k. Suppose 0 = o - 0*o - 28. Calculate the remainder when o is divided by f.
13
Suppose -3*f + 67 = 7. Calculate the remainder when 1040/18 - (-22)/99 is divided by f.
18
Suppose -w - 55 = -5*o + 4*w, -2*w - 33 = -3*o. Let r = 1 + 31. Calculate the remainder when r is divided by o.
10
Let a = -299 + 432. Calculate the remainder when a is divided by 34.
31
Suppose -17*